1
What is the units digit of 283681783?
3
What is the thousands digit of 1136259033?
9
What is the ten millions digit of 10402834?
1
What is the units digit of 5315143?
3
What is the thousands digit of 6071446222?
6
What is the hundred thousands digit of 63103762?
1
What is the tens digit of 2547755919?
1
What is the tens digit of 5523237?
3
What is the hundred millions digit of 1851512374?
8
What is the thousands digit of 52455598?
5
What is the millions digit of 280670794?
0
What is the hundred millions digit of 291624861?
2
What is the units digit of 44108679?
9
What is the units digit of 869821564?
4
What is the ten thousands digit of 2560619191?
1
What is the hundred thousands digit of 197020923?
0
What is the ten thousands digit of 3090321458?
2
What is the tens digit of 922111005?
0
What is the millions digit of 2574866929?
4
What is the thousands digit of 5696635441?
5
What is the tens digit of 825493912?
1
What is the units digit of 35375322?
2
What is the thousands digit of 24377990?
7
What is the millions digit of 1454183742?
4
What is the thousands digit of 1720321549?
1
What is the hundreds digit of 2669773370?
3
What is the hundred millions digit of 1026541287?
0
What is the units digit of 2651194?
4
What is the hundred millions digit of 1486155714?
4
What is the tens digit of 1395210855?
5
What is the millions digit of 4845857838?
5
What is the units digit of 271942?
2
What is the ten thousands digit of 702137809?
3
What is the tens digit of 3864072748?
4
What is the tens digit of 174926889?
8
What is the millions digit of 733092997?
3
What is the hundred thousands digit of 873641785?
6
What is the tens digit of 84007738?
3
What is the ten millions digit of 352612377?
5
What is the units digit of 1788975?
5
What is the ten millions digit of 1545646622?
4
What is the millions digit of 49731133?
9
What is the units digit of 3799964?
4
What is the tens digit of 1537716093?
9
What is the ten millions digit of 2309739004?
0
What is the hundred thousands digit of 14324817?
3
What is the hundreds digit of 85201853?
8
What is the thousands digit of 6908527628?
7
What is the ten millions digit of 377701937?
7
What is the ten thousands digit of 4617373010?
7
What is the hundred millions digit of 2202450525?
2
What is the millions digit of 825101195?
5
What is the ten thousands digit of 4390278?
9
What is the millions digit of 20395962?
0
What is the ten thousands digit of 506610107?
1
What is the hundreds digit of 98928409?
4
What is the hundred thousands digit of 148774971?
7
What is the ten thousands digit of 27659341?
5
What is the ten thousands digit of 218422063?
2
What is the tens digit of 5451675?
7
What is the hundred thousands digit of 2051020017?
0
What is the hundred millions digit of 226949579?
2
What is the ten millions digit of 282510295?
8
What is the ten thousands digit of 301160603?
6
What is the thousands digit of 21711745?
1
What is the hundreds digit of 1572871203?
2
What is the hundred millions digit of 1702017196?
7
What is the hundred thousands digit of 40087044?
0
What is the millions digit of 1012990936?
2
What is the units digit of 217373737?
7
What is the hundred thousands digit of 124891561?
8
What is the ten millions digit of 405574688?
0
What is the units digit of 2223047420?
0
What is the ten millions digit of 27031741?
2
What is the hundreds digit of 198828398?
3
What is the hundred thousands digit of 768707527?
7
What is the units digit of 4721836170?
0
What is the ten thousands digit of 243156473?
5
What is the hundred thousands digit of 48502568?
5
What is the millions digit of 4081762275?
1
What is the tens digit of 5815965?
6
What is the millions digit of 12011167?
2
What is the ten thousands digit of 1425076246?
7
What is the ten thousands digit of 1477727112?
2
What is the millions digit of 77513090?
7
What is the ten thousands digit of 15280476?
8
What is the hundreds digit of 24057467?
4
What is the units digit of 56304102?
2
What is the millions digit of 293103821?
3
What is the hundreds digit of 300278853?
8
What is the tens digit of 1025939400?
0
What is the hundred millions digit of 125341849?
1
What is the millions digit of 68027663?
8
What is the tens digit of 4833509728?
2
What is the hundreds digit of 951984853?
8
What is the ten thousands digit of 342122520?
2
What is the ten millions digit of 310838911?
1
What is the ten thousands digit of 218718606?
1
What is the hundred millions digit of 163511590?
1
What is the ten millions digit of 349129813?
4
What is the hundred thousands digit of 79368808?
3
What is the millions digit of 145978315?
5
What is the ten thousands digit of 682613540?
1
What is the hundred millions digit of 126485113?
1
What is the ten thousands digit of 16865552?
6
What is the hundreds digit of 8559444?
4
What is the ten millions digit of 649060934?
4
What is the hundred millions digit of 1960411106?
9
What is the hundred thousands digit of 717360560?
3
What is the ten thousands digit of 313634241?
3
What is the units digit of 11546859?
9
What is the hundreds digit of 184950952?
9
What is the ten millions digit of 80141617?
8
What is the ten millions digit of 69294011?
6
What is the hundreds digit of 36203413?
4
What is the tens digit of 22153613?
1
What is the billions digit of 1846655495?
1
What is the ten thousands digit of 3062288902?
8
What is the hundred thousands digit of 232628402?
6
What is the hundred thousands digit of 70042789?
0
What is the thousands digit of 16072470?
2
What is the thousands digit of 58407192?
7
What is the hundred thousands digit of 158820868?
8
What is the hundred thousands digit of 61061706?
0
What is the millions digit of 201634911?
1
What is the hundred thousands digit of 1681710772?
7
What is the hundred thousands digit of 11363731?
3
What is the units digit of 146277039?
9
What is the tens digit of 380343043?
4
What is the thousands digit of 6459297489?
7
What is the millions digit of 233076316?
3
What is the units digit of 889475903?
3
What is the hundreds digit of 814798354?
3
What is the hundred thousands digit of 528998317?
9
What is the hundred millions digit of 681727372?
6
What is the units digit of 162367425?
5
What is the ten thousands digit of 6613195?
1
What is the millions digit of 35618956?
5
What is the units digit of 1881148506?
6
What is the ten thousands digit of 7259284958?
8
What is the hundred thousands digit of 134941541?
9
What is the ten thousands digit of 43849034?
4
What is the tens digit of 59835809?
0
What is the thousands digit of 2171449094?
9
What is the thousands digit of 2771442973?
2
What is the hundreds digit of 18913916?
9
What is the ten millions digit of 151040509?
5
What is the tens digit of 72820853?
5
What is the hundreds digit of 37489301?
3
What is the hundred millions digit of 288189255?
2
What is the ten thousands digit of 25510427?
1
What is the thousands digit of 2977318445?
8
What is the hundred millions digit of 8846202757?
8
What is the billions digit of 1161374045?
1
What is the tens digit of 1394336406?
0
What is the hundred thousands digit of 21324529?
3
What is the ten millions digit of 33527030?
3
What is the thousands digit of 38632979?
2
What is the hundred thousands digit of 244592923?
5
What is the billions digit of 1170108234?
1
What is the hundreds digit of 138600609?
6
What is the hundred thousands digit of 171482582?
4
What is the ten millions digit of 6073208591?
7
What is the tens digit of 64443100?
0
What is the millions digit of 6922883731?
2
What is the hundreds digit of 138942180?
1
What is the thousands digit of 88699360?
9
What is the millions digit of 19665524?
9
What is the hundred thousands digit of 72719518?
7
What is the hundred thousands digit of 2459623506?
6
What is the tens digit of 221389134?
3
What is the tens digit of 86027170?
7
What is the hundred thousands digit of 293383904?
3
What is the ten thousands digit of 9508150?
0
What is the units digit of 72926233?
3
What is the units digit of 63149017?
7
What is the hundreds digit of 607800056?
0
What is the ten thousands digit of 17710660?
1
What is the thousands digit of 409517965?
7
What is the ten millions digit of 26806870?
2
What is the hundreds digit of 740705069?
0
What is the millions digit